{"id":14464,"date":"2021-01-04T12:07:30","date_gmt":"2021-01-04T12:07:30","guid":{"rendered":"http:\/\/thurzozoltan.com\/it\/koncertek-2019-ben\/"},"modified":"2021-01-04T12:09:04","modified_gmt":"2021-01-04T12:09:04","slug":"koncertek-2019-ben","status":"publish","type":"page","link":"http:\/\/thurzozoltan.com\/it\/koncertek-2019-ben\/","title":{"rendered":"Koncertek 2019-ben"},"content":{"rendered":"<p>&nbsp;<\/p>\n<table>\n<thead>\n<tr>\n<td>\n<p><strong>D\u00e1tum<\/strong><\/p>\n<\/td>\n<td>\n<p><strong>V\u00e1ros\/orsz\u00e1g<\/strong><\/p>\n<\/td>\n<td>\n<p><strong>Helysz\u00edn &#8211; Le\u00edr\u00e1s<\/strong><\/p>\n<\/td>\n<td>\n<p><strong>\u00a0<\/strong><\/p>\n<\/td>\n<\/tr>\n<\/thead>\n<\/table>\n<p>&nbsp;<\/p>\n<p>&nbsp;<\/p>\n<tr>\r\n\t<td class=\"koncert-datum\">2019.12.22<\/td>\r\n    <td>Nagyv\u00e1rad \/ Rom\u00e1nia<\/td>\r\n    <td>Lor\u00e1ntffy Zsuzsanna Reform\u00e1tus Egyh\u00e1zi K\u00f6zpont M\u00fazeumterme - Fiatal M\u0171v\u00e9szek P\u00f3diuma: Kar\u00e1csonyi Hangverseny a fel\u00faj\u00edtott LEK-ben<\/td>\r\n\t<td style=\"text-align:right;\"><a href=\"http:\/\/thurzozoltan.com\/it\/koncert\/fiatal-muveszek-podiuma-karacsonyi-hangverseny-a-lek-ben\/\">Informazioni<\/a><\/td>  \r\n   <\/tr><tr>\r\n\t<td class=\"koncert-datum\">2019.12.20<\/td>\r\n    <td>Nagyk\u00e1roly \/ Rom\u00e1nia<\/td>\r\n    <td>K\u00e1rolyi-kast\u00e9ly lovagterme - Kar\u00e1csonyi dupla lemezbemutat\u00f3 hangverseny<\/td>\r\n\t<td style=\"text-align:right;\"><a href=\"http:\/\/thurzozoltan.com\/it\/koncert\/karacsonyi-dupla-lemezbemutato-hangverseny\/\">Informazioni<\/a><\/td>  \r\n   <\/tr><tr>\r\n\t<td class=\"koncert-datum\">2019.12.17<\/td>\r\n    <td>Sepsiszentgy\u00f6rgy \/ Rom\u00e1nia<\/td>\r\n    <td>\u00c1rkosi Kultur\u00e1lis K\u00f6zpont - Egy ki\u00e1ll\u00edt\u00e1s k\u00e9pei<\/td>\r\n\t<td style=\"text-align:right;\"><a href=\"http:\/\/thurzozoltan.com\/it\/koncert\/egy-kiallitas-kepei\/\">Informazioni<\/a><\/td>  \r\n   <\/tr><tr>\r\n\t<td class=\"koncert-datum\">2019.12.16<\/td>\r\n    <td>Debrecen \/ Magyarorsz\u00e1g<\/td>\r\n    <td>M\u00e9liusz Juh\u00e1sz P\u00e9ter K\u00f6nyvt\u00e1r - Nagyv\u00e1radi eml\u00e9k\u00edr\u00f3k az imp\u00e9riumv\u00e1lt\u00e1s \u00e9veir\u0151l - Rendhagy\u00f3 k\u00f6nyvbemutat\u00f3, Partiumb\u00f3l hozott zen\u00e9vel \u00e9s borral<\/td>\r\n\t<td style=\"text-align:right;\"><a href=\"http:\/\/thurzozoltan.com\/it\/koncert\/nagyvaradi-emlekirok-az-imperiumvaltas-eveirol\/\">Informazioni<\/a><\/td>  \r\n   <\/tr><tr>\r\n\t<td class=\"koncert-datum\">2019.12.15<\/td>\r\n    <td>Paptam\u00e1si \/ Rom\u00e1nia<\/td>\r\n    <td>Reform\u00e1tus Templom - Adventi j\u00f3t\u00e9konys\u00e1gi koncert<\/td>\r\n\t<td style=\"text-align:right;\"><a href=\"http:\/\/thurzozoltan.com\/it\/koncert\/adventi-jotekonysagi-koncert\/\">Informazioni<\/a><\/td>  \r\n   <\/tr><tr>\r\n\t<td class=\"koncert-datum\">2019.12.01<\/td>\r\n    <td>Vasv\u00e1r \/ Magyarorsz\u00e1g<\/td>\r\n    <td>Nagy G\u00e1sp\u00e1r Kultur\u00e1lis K\u00f6zpont - Filmzenei est: CINEMUSIC zongor\u00e1ra<\/td>\r\n\t<td style=\"text-align:right;\"><a href=\"http:\/\/thurzozoltan.com\/it\/koncert\/filmzenei-est-cinemusic-zongorara\/\">Informazioni<\/a><\/td>  \r\n   <\/tr><tr>\r\n\t<td class=\"koncert-datum\">2019.11.28<\/td>\r\n    <td>Sepsiszentgy\u00f6rgy \/ Rom\u00e1nia<\/td>\r\n    <td>\u00c1rkosi Kultur\u00e1lis K\u00f6zpont - Filmzenei est: CINEMUSIC zongor\u00e1ra<\/td>\r\n\t<td style=\"text-align:right;\"><a href=\"http:\/\/thurzozoltan.com\/it\/koncert\/filmzene-mesezene-anime-zene-koezismert-sorozatok-betetdalai-zongorara-2\/\">Informazioni<\/a><\/td>  \r\n   <\/tr><tr>\r\n\t<td class=\"koncert-datum\">2019.11.24<\/td>\r\n    <td>Nagyv\u00e1rad \/ Rom\u00e1nia<\/td>\r\n    <td>Nagyv\u00e1rad-Olaszi Reform\u00e1tus templom - Filmzenei est: CINEMUSIC zongor\u00e1ra - Episode 2.<\/td>\r\n\t<td style=\"text-align:right;\"><a href=\"http:\/\/thurzozoltan.com\/it\/koncert\/filmzene-mesezene-anime-zene-koezismert-sorozatok-betetdalai-zongorara\/\">Informazioni<\/a><\/td>  \r\n   <\/tr><tr>\r\n\t<td class=\"koncert-datum\">2019.11.17<\/td>\r\n    <td>Budapest \/ Magyarorsz\u00e1g<\/td>\r\n    <td>N\u00e1dor Terem (Vakok \u00c1ltal\u00e1nos Iskol\u00e1ja) - Hangverseny<\/td>\r\n\t<td style=\"text-align:right;\"><a href=\"http:\/\/thurzozoltan.com\/it\/koncert\/nador-terem-vakok-altalanos-iskolaja-hangverseny\/\">Informazioni<\/a><\/td>  \r\n   <\/tr><tr>\r\n\t<td class=\"koncert-datum\">2019.11.16<\/td>\r\n    <td>Nagyv\u00e1rad \/ Rom\u00e1nia<\/td>\r\n    <td>\u00dajv\u00e1rosi Reform\u00e1tus templom imaterme - Filmzenei est: CINEMUSIC zongor\u00e1ra - Episode 1.<\/td>\r\n\t<td style=\"text-align:right;\"><a href=\"http:\/\/thurzozoltan.com\/it\/koncert\/ujvarosi-reformatus-templom-imaterme-az-osz-hangjai-filmzene-mesezene-anime-zene-koezismert-sorozatok-betetdalai-zongorara\/\">Informazioni<\/a><\/td>  \r\n   <\/tr><tr>\r\n\t<td class=\"koncert-datum\">2019.10.31<\/td>\r\n    <td>Sepsiszentgy\u00f6rgy \/ Rom\u00e1nia<\/td>\r\n    <td>\u00c1rkosi Kultur\u00e1lis K\u00f6zpont - \"Az \u0151sz hangjai\" - interakt\u00edv zongorahangverseny<\/td>\r\n\t<td style=\"text-align:right;\"><a href=\"http:\/\/thurzozoltan.com\/it\/koncert\/az-osz-hangjai-interaktiv-zongorahangverseny\/\">Informazioni<\/a><\/td>  \r\n   <\/tr><tr>\r\n\t<td class=\"koncert-datum\">2019.10.26<\/td>\r\n    <td>Nagyv\u00e1rad \/ Rom\u00e1nia<\/td>\r\n    <td>Lor\u00e1ntffy Zsuzsanna Reform\u00e1tus Egyh\u00e1zi K\u00f6zpont M\u00fazeumterme - J\u00f3t\u00e9konys\u00e1gi orgona-zongora hangverseny a Lor\u00e1ntffy Zsuzsanna Reform\u00e1tus Egyh\u00e1zi K\u00f6zpont fel\u00faj\u00edt\u00e1s\u00e1nak jav\u00e1ra<\/td>\r\n\t<td style=\"text-align:right;\"><a href=\"http:\/\/thurzozoltan.com\/it\/koncert\/jotekonysagi-hangverseny-a-lek-felujitasanak-javara\/\">Informazioni<\/a><\/td>  \r\n   <\/tr><tr>\r\n\t<td class=\"koncert-datum\">2019.09.29<\/td>\r\n    <td>Nagyv\u00e1rad \/ Rom\u00e1nia<\/td>\r\n    <td>Lor\u00e1ntffy Zsuzsanna Reform\u00e1tus Egyh\u00e1zi K\u00f6zpont M\u00fazeumterme - In Memoriam Thurz\u00f3 S\u00e1ndor eml\u00e9khangverseny - megeml\u00e9kez\u0151 hangverseny a nagyv\u00e1radi zenei helyt\u00f6rt\u00e9n\u00e9sz \u00e9s muzikol\u00f3gus hal\u00e1la 10 \u00e9ves \u00e9vfordul\u00f3ja alkalm\u00e1b\u00f3l.<\/td>\r\n\t<td style=\"text-align:right;\"><a href=\"http:\/\/thurzozoltan.com\/it\/koncert\/memoriam-thurzo-sandor-emlekhangverseny\/\">Informazioni<\/a><\/td>  \r\n   <\/tr><tr>\r\n\t<td class=\"koncert-datum\">2019.09.25<\/td>\r\n    <td>P\u00e9cs \/ Magyarorsz\u00e1g<\/td>\r\n    <td>M\u0171v\u00e9szetek \u00e9s Irodalom H\u00e1za - A p\u00e9csi Liszt-t\u00e1rsas\u00e1g koncertje. A 2019-es \u00e9vad 2.fel\u00e9nek nyit\u00f3, \u00e9s egyben lemezbemutat\u00f3 hangversenye<\/td>\r\n\t<td style=\"text-align:right;\"><a href=\"http:\/\/thurzozoltan.com\/it\/koncert\/pecsi-liszt-tarsasag-koncertje-2019-es-evad-2-felenek-nyito-hangversenye\/\">Informazioni<\/a><\/td>  \r\n   <\/tr><tr>\r\n\t<td class=\"koncert-datum\">2019.09.21<\/td>\r\n    <td>Visegr\u00e1d \/ Magyarorsz\u00e1g<\/td>\r\n    <td>Keresztel\u0151 Szent J\u00e1nos R\u00f3mai Katolikus Pl\u00e9b\u00e1niatemplom - Visegr\u00e1gi Ny\u00e1r, Ny\u00e1ri zen\u00e9s est\u00e9k: A XIII. Ars Sacra Fesztiv\u00e1l z\u00e1r\u00f3hangversenye<\/td>\r\n\t<td style=\"text-align:right;\"><a href=\"http:\/\/thurzozoltan.com\/it\/koncert\/magyarsagunk-zene-tuekreben-3\/\">Informazioni<\/a><\/td>  \r\n   <\/tr><span class=\"pods-pagination-advanced \">\n    \n    <span class=\"pods-pagination-number pods-pagination-current \">1<\/span>\n\n                <a href=\"\/it\/wp-json\/wp\/v2\/pages\/14464?pg=2\" class=\"pods-pagination-number pods-pagination-2 \">2<\/a>\n                    <a href=\"\/it\/wp-json\/wp\/v2\/pages\/14464?pg=3\" class=\"pods-pagination-number pods-pagination-last \">3<\/a>\n                    <a href=\"\/it\/wp-json\/wp\/v2\/pages\/14464?pg=2\" class=\"pods-pagination-number pods-pagination-next \">Avanti &rsaquo;<\/a>\n                                <a href=\"\/it\/wp-json\/wp\/v2\/pages\/14464?pg=3\" class=\"pods-pagination-number pods-pagination-last \">Fine &raquo;<\/a>\n                    \n<\/span>\n\n<p>&nbsp;<\/p>\n","protected":false},"excerpt":{"rendered":"<p>&nbsp; D\u00e1tum V\u00e1ros\/orsz\u00e1g Helysz\u00edn &#8211; Le\u00edr\u00e1s \u00a0 &nbsp; &nbsp; &nbsp;<\/p>\n","protected":false},"author":2,"featured_media":0,"parent":0,"menu_order":0,"comment_status":"closed","ping_status":"closed","template":"","meta":{"footnotes":""},"class_list":["post-14464","page","type-page","status-publish","hentry"],"_links":{"self":[{"href":"http:\/\/thurzozoltan.com\/it\/wp-json\/wp\/v2\/pages\/14464","targetHints":{"allow":["GET"]}}],"collection":[{"href":"http:\/\/thurzozoltan.com\/it\/wp-json\/wp\/v2\/pages"}],"about":[{"href":"http:\/\/thurzozoltan.com\/it\/wp-json\/wp\/v2\/types\/page"}],"author":[{"embeddable":true,"href":"http:\/\/thurzozoltan.com\/it\/wp-json\/wp\/v2\/users\/2"}],"replies":[{"embeddable":true,"href":"http:\/\/thurzozoltan.com\/it\/wp-json\/wp\/v2\/comments?post=14464"}],"version-history":[{"count":1,"href":"http:\/\/thurzozoltan.com\/it\/wp-json\/wp\/v2\/pages\/14464\/revisions"}],"predecessor-version":[{"id":14470,"href":"http:\/\/thurzozoltan.com\/it\/wp-json\/wp\/v2\/pages\/14464\/revisions\/14470"}],"wp:attachment":[{"href":"http:\/\/thurzozoltan.com\/it\/wp-json\/wp\/v2\/media?parent=14464"}],"curies":[{"name":"wp","href":"https:\/\/api.w.org\/{rel}","templated":true}]}}

<p>&nbsp;</p>
<table>
<thead>
<tr>
<td>
<p><strong>Dátum</strong></p>
</td>
<td>
<p><strong>Város/ország</strong></p>
</td>
<td>
<p><strong>Helyszín &#8211; Leírás</strong></p>
</td>
<td>
<p><strong> </strong></p>
</td>
</tr>
</thead>
</table>
<p>&nbsp;</p>
<p>&nbsp;</p>
<tr>
	<td class="koncert-datum">2019.12.22</td>
    <td>Nagyvárad / Románia</td>
    <td>Lorántffy Zsuzsanna Református Egyházi Központ Múzeumterme - Fiatal Művészek Pódiuma: Karácsonyi Hangverseny a felújított LEK-ben</td>
	<td style="text-align:right;"><a href="http://thurzozoltan.com/it/koncert/fiatal-muveszek-podiuma-karacsonyi-hangverseny-a-lek-ben/">Informazioni</a></td>  
   </tr><tr>
	<td class="koncert-datum">2019.12.20</td>
    <td>Nagykároly / Románia</td>
    <td>Károlyi-kastély lovagterme - Karácsonyi dupla lemezbemutató hangverseny</td>
	<td style="text-align:right;"><a href="http://thurzozoltan.com/it/koncert/karacsonyi-dupla-lemezbemutato-hangverseny/">Informazioni</a></td>  
   </tr><tr>
	<td class="koncert-datum">2019.12.17</td>
    <td>Sepsiszentgyörgy / Románia</td>
    <td>Árkosi Kulturális Központ - Egy kiállítás képei</td>
	<td style="text-align:right;"><a href="http://thurzozoltan.com/it/koncert/egy-kiallitas-kepei/">Informazioni</a></td>  
   </tr><tr>
	<td class="koncert-datum">2019.12.16</td>
    <td>Debrecen / Magyarország</td>
    <td>Méliusz Juhász Péter Könyvtár - Nagyváradi emlékírók az impériumváltás éveiről - Rendhagyó könyvbemutató, Partiumból hozott zenével és borral</td>
	<td style="text-align:right;"><a href="http://thurzozoltan.com/it/koncert/nagyvaradi-emlekirok-az-imperiumvaltas-eveirol/">Informazioni</a></td>  
   </tr><tr>
	<td class="koncert-datum">2019.12.15</td>
    <td>Paptamási / Románia</td>
    <td>Református Templom - Adventi jótékonysági koncert</td>
	<td style="text-align:right;"><a href="http://thurzozoltan.com/it/koncert/adventi-jotekonysagi-koncert/">Informazioni</a></td>  
   </tr><tr>
	<td class="koncert-datum">2019.12.01</td>
    <td>Vasvár / Magyarország</td>
    <td>Nagy Gáspár Kulturális Központ - Filmzenei est: CINEMUSIC zongorára</td>
	<td style="text-align:right;"><a href="http://thurzozoltan.com/it/koncert/filmzenei-est-cinemusic-zongorara/">Informazioni</a></td>  
   </tr><tr>
	<td class="koncert-datum">2019.11.28</td>
    <td>Sepsiszentgyörgy / Románia</td>
    <td>Árkosi Kulturális Központ - Filmzenei est: CINEMUSIC zongorára</td>
	<td style="text-align:right;"><a href="http://thurzozoltan.com/it/koncert/filmzene-mesezene-anime-zene-koezismert-sorozatok-betetdalai-zongorara-2/">Informazioni</a></td>  
   </tr><tr>
	<td class="koncert-datum">2019.11.24</td>
    <td>Nagyvárad / Románia</td>
    <td>Nagyvárad-Olaszi Református templom - Filmzenei est: CINEMUSIC zongorára - Episode 2.</td>
	<td style="text-align:right;"><a href="http://thurzozoltan.com/it/koncert/filmzene-mesezene-anime-zene-koezismert-sorozatok-betetdalai-zongorara/">Informazioni</a></td>  
   </tr><tr>
	<td class="koncert-datum">2019.11.17</td>
    <td>Budapest / Magyarország</td>
    <td>Nádor Terem (Vakok Általános Iskolája) - Hangverseny</td>
	<td style="text-align:right;"><a href="http://thurzozoltan.com/it/koncert/nador-terem-vakok-altalanos-iskolaja-hangverseny/">Informazioni</a></td>  
   </tr><tr>
	<td class="koncert-datum">2019.11.16</td>
    <td>Nagyvárad / Románia</td>
    <td>Újvárosi Református templom imaterme - Filmzenei est: CINEMUSIC zongorára - Episode 1.</td>
	<td style="text-align:right;"><a href="http://thurzozoltan.com/it/koncert/ujvarosi-reformatus-templom-imaterme-az-osz-hangjai-filmzene-mesezene-anime-zene-koezismert-sorozatok-betetdalai-zongorara/">Informazioni</a></td>  
   </tr><tr>
	<td class="koncert-datum">2019.10.31</td>
    <td>Sepsiszentgyörgy / Románia</td>
    <td>Árkosi Kulturális Központ - "Az ősz hangjai" - interaktív zongorahangverseny</td>
	<td style="text-align:right;"><a href="http://thurzozoltan.com/it/koncert/az-osz-hangjai-interaktiv-zongorahangverseny/">Informazioni</a></td>  
   </tr><tr>
	<td class="koncert-datum">2019.10.26</td>
    <td>Nagyvárad / Románia</td>
    <td>Lorántffy Zsuzsanna Református Egyházi Központ Múzeumterme - Jótékonysági orgona-zongora hangverseny a Lorántffy Zsuzsanna Református Egyházi Központ felújításának javára</td>
	<td style="text-align:right;"><a href="http://thurzozoltan.com/it/koncert/jotekonysagi-hangverseny-a-lek-felujitasanak-javara/">Informazioni</a></td>  
   </tr><tr>
	<td class="koncert-datum">2019.09.29</td>
    <td>Nagyvárad / Románia</td>
    <td>Lorántffy Zsuzsanna Református Egyházi Központ Múzeumterme - In Memoriam Thurzó Sándor emlékhangverseny - megemlékező hangverseny a nagyváradi zenei helytörténész és muzikológus halála 10 éves évfordulója alkalmából.</td>
	<td style="text-align:right;"><a href="http://thurzozoltan.com/it/koncert/memoriam-thurzo-sandor-emlekhangverseny/">Informazioni</a></td>  
   </tr><tr>
	<td class="koncert-datum">2019.09.25</td>
    <td>Pécs / Magyarország</td>
    <td>Művészetek és Irodalom Háza - A pécsi Liszt-társaság koncertje. A 2019-es évad 2.felének nyitó, és egyben lemezbemutató hangversenye</td>
	<td style="text-align:right;"><a href="http://thurzozoltan.com/it/koncert/pecsi-liszt-tarsasag-koncertje-2019-es-evad-2-felenek-nyito-hangversenye/">Informazioni</a></td>  
   </tr><tr>
	<td class="koncert-datum">2019.09.21</td>
    <td>Visegrád / Magyarország</td>
    <td>Keresztelő Szent János Római Katolikus Plébániatemplom - Visegrági Nyár, Nyári zenés esték: A XIII. Ars Sacra Fesztivál záróhangversenye</td>
	<td style="text-align:right;"><a href="http://thurzozoltan.com/it/koncert/magyarsagunk-zene-tuekreben-3/">Informazioni</a></td>  
   </tr><span class="pods-pagination-advanced ">
    
    <span class="pods-pagination-number pods-pagination-current ">1</span>

                <a href="/it/wp-json/wp/v2/pages/14464?pg=2" class="pods-pagination-number pods-pagination-2 ">2</a>
                    <a href="/it/wp-json/wp/v2/pages/14464?pg=3" class="pods-pagination-number pods-pagination-last ">3</a>
                    <a href="/it/wp-json/wp/v2/pages/14464?pg=2" class="pods-pagination-number pods-pagination-next ">Avanti &rsaquo;</a>
                                <a href="/it/wp-json/wp/v2/pages/14464?pg=3" class="pods-pagination-number pods-pagination-last ">Fine &raquo;</a>
                    
</span>

<p>&nbsp;</p>

<p>&nbsp; Dátum Város/ország Helyszín &#8211; Leírás   &nbsp; &nbsp; &nbsp;</p>
