{"id":12370,"date":"2019-01-06T12:36:53","date_gmt":"2019-01-06T12:36:53","guid":{"rendered":"http:\/\/thurzozoltan.com\/ro\/koncertek-2018-ban\/"},"modified":"2019-01-06T12:47:42","modified_gmt":"2019-01-06T12:47:42","slug":"koncertek-2018-ban","status":"publish","type":"page","link":"http:\/\/thurzozoltan.com\/ro\/koncertek-2018-ban\/","title":{"rendered":"Koncertek 2018-ban"},"content":{"rendered":"<table class=\"koncert-table\" cellspacing=\"0\" cellpadding=\"0\">\n<thead>\n<tr>\n<th class=\"koncert-datum\">D\u00e1tum<\/th>\n<th class=\"koncert-varos\">V\u00e1ros\/orsz\u00e1g<\/th>\n<th class=\"koncert-leiras\">Helysz\u00edn &#8211; Le\u00edr\u00e1s<\/th>\n<th class=\"koncert-info\"><\/th>\n<\/tr>\n<\/thead>\n<tbody>\n<tr>\r\n\t<td class=\"koncert-datum\">2018.12.23<\/td>\r\n    <td>Nagyv\u00e1rad \/ Rom\u00e1nia<\/td>\r\n    <td>Lor\u00e1ntffy Zsuzsanna Reform\u00e1tus Egyh\u00e1zi K\u00f6zpont M\u00fazeumterme - Kar\u00e1csonyi Hangverseny k\u00f6zismert zongoradarabokkal, k\u00e9t sz\u00e1l gyertya f\u00e9ny\u00e9n\u00e9l<\/td>\r\n\t<td style=\"text-align:right;\"><a href=\"http:\/\/thurzozoltan.com\/ro\/koncert\/lorantffy-zsuzsanna-reformatus-egyhazi-koezpont-muzeumterme-15\/\">Mai multe<\/a><\/td>  \r\n   <\/tr><tr>\r\n\t<td class=\"koncert-datum\">2018.12.16<\/td>\r\n    <td>Biharf\u00e9legyh\u00e1za \/ Rom\u00e1nia<\/td>\r\n    <td>Reform\u00e1tus Templom - SEG\u00edTS\u00dcNK - J\u00f3t\u00e9konys\u00e1gi zongorahangverseny<\/td>\r\n\t<td style=\"text-align:right;\"><a href=\"http:\/\/thurzozoltan.com\/ro\/koncert\/segitsuenk-nekik-jotekonysagi-zongorahangverseny\/\">Mai multe<\/a><\/td>  \r\n   <\/tr><tr>\r\n\t<td class=\"koncert-datum\">2018.12.15<\/td>\r\n    <td>Vedres\u00e1br\u00e1ny \/ Rom\u00e1nia<\/td>\r\n    <td>Reform\u00e1tus Templom - \u00dcnnepi Adventi Hangverseny<\/td>\r\n\t<td style=\"text-align:right;\"><a href=\"http:\/\/thurzozoltan.com\/ro\/koncert\/adventi-hangverseny-vedresabranyban\/\">Mai multe<\/a><\/td>  \r\n   <\/tr><tr>\r\n\t<td class=\"koncert-datum\">2018.12.10<\/td>\r\n    <td>Sepsiszentgy\u00f6rgy \/ Rom\u00e1nia<\/td>\r\n    <td>\u00c1rkosi Kultur\u00e1lis K\u00f6zpont - Klasszikus kar\u00e1csony - gyertyaf\u00e9nyn\u00e9l, s\u00f6t\u00e9tben<\/td>\r\n\t<td style=\"text-align:right;\"><a href=\"http:\/\/thurzozoltan.com\/ro\/koncert\/frederic-chopin-est-ket-szal-gyertya-fenyenel-interaktiv-zongorahangverseny-2\/\">Mai multe<\/a><\/td>  \r\n   <\/tr><tr>\r\n\t<td class=\"koncert-datum\">2018.12.09<\/td>\r\n    <td>Vasv\u00e1r \/ Magyarorsz\u00e1g<\/td>\r\n    <td>Nagy G\u00e1sp\u00e1r Kultur\u00e1lis K\u00f6zpont - Vas\/V\/\u00e1rnapi Matin\u00e9 keret\u00e9n bel\u0171l zongora hangszerbemutat\u00f3, \u00e9s kis interakt\u00edv zen\u00e9s pillanat<\/td>\r\n\t<td style=\"text-align:right;\"><a href=\"http:\/\/thurzozoltan.com\/ro\/koncert\/vasvar-2\/\">Mai multe<\/a><\/td>  \r\n   <\/tr><tr>\r\n\t<td class=\"koncert-datum\">2018.12.08<\/td>\r\n    <td>Vasv\u00e1r \/ Magyarorsz\u00e1g<\/td>\r\n    <td>Nagy G\u00e1sp\u00e1r Kultur\u00e1lis K\u00f6zpont - Gyertyaf\u00e9nyes adventi zongorahangverseny k\u00e9t sz\u00e1l gyertya f\u00e9ny\u00e9n\u00e9l<\/td>\r\n\t<td style=\"text-align:right;\"><a href=\"http:\/\/thurzozoltan.com\/ro\/koncert\/vasvar-1-koncert\/\">Mai multe<\/a><\/td>  \r\n   <\/tr><tr>\r\n\t<td class=\"koncert-datum\">2018.11.25<\/td>\r\n    <td>Nagyv\u00e1rad \/ Rom\u00e1nia<\/td>\r\n    <td>Lor\u00e1ntffy Zsuzsanna Reform\u00e1tus Egyh\u00e1zi K\u00f6zpont M\u00fazeumterme - Rendhagy\u00f3 hangverseny - Thurz\u00f3 Zolt\u00e1n \u00e9s a kecskem\u00e9ti Gregus T\u00e1rogat\u00f3 Kvartett k\u00f6z\u00f6s hangversenye - eur\u00f3pai bemutat\u00f3val<\/td>\r\n\t<td style=\"text-align:right;\"><a href=\"http:\/\/thurzozoltan.com\/ro\/koncert\/rendhagyo-hangverseny-gregus-tarogato-egyuettessel\/\">Mai multe<\/a><\/td>  \r\n   <\/tr><tr>\r\n\t<td class=\"koncert-datum\">2018.11.24<\/td>\r\n    <td>Budapest \/ Magyarorsz\u00e1g<\/td>\r\n    <td>Orsz\u00e1gos Sz\u00e9ch\u00e9nyi K\u00f6nyvt\u00e1r D\u00edszterme - Zongorahangverseny az OSZK 216. alap\u00edt\u00e1si \u00fcnnep\u00e9nek nyilt napj\u00e1nak z\u00e1r\u00e1sak\u00e9nt<\/td>\r\n\t<td style=\"text-align:right;\"><a href=\"http:\/\/thurzozoltan.com\/ro\/koncert\/orszagos-szechenyi-koenyvtar-diszterme\/\">Mai multe<\/a><\/td>  \r\n   <\/tr><tr>\r\n\t<td class=\"koncert-datum\">2018.11.17<\/td>\r\n    <td>Nagyv\u00e1rad \/ Rom\u00e1nia<\/td>\r\n    <td>Lotus Center Rendezv\u00e9nyterme - Bihar Megyei V\u00e1llalkoz\u00f3n\u0151k Egyes\u00fclet\u00e9nek szervez\u00e9s\u00e9ben: Magyar V\u00e1llalkoz\u00f3k J\u00f3t\u00e9konys\u00e1gi b\u00e1lja<\/td>\r\n\t<td style=\"text-align:right;\"><a href=\"http:\/\/thurzozoltan.com\/ro\/koncert\/bihar-megyei-vallalkozonok-egyesuelete\/\">Mai multe<\/a><\/td>  \r\n   <\/tr><tr>\r\n\t<td class=\"koncert-datum\">2018.11.16<\/td>\r\n    <td>Sepsiszentgy\u00f6rgy \/ Rom\u00e1nia<\/td>\r\n    <td>\u00c1rkosi Kultur\u00e1lis K\u00f6zpont - \u201eSzereti \u00d6n Liszt Ferencet...\u00e9s ami m\u00f6g\u00f6tte van?\u201d - interakt\u00edv zongorahangverseny<\/td>\r\n\t<td style=\"text-align:right;\"><a href=\"http:\/\/thurzozoltan.com\/ro\/koncert\/szereti-oen-liszt-ferencet-es-ami-moegoette-van-interaktiv-zongorahangverseny-zeneszerzo-szueletesnapja-alkalmabol\/\">Mai multe<\/a><\/td>  \r\n   <\/tr><tr>\r\n\t<td class=\"koncert-datum\">2018.11.09<\/td>\r\n    <td>Budapest \/ Magyarorsz\u00e1g<\/td>\r\n    <td>Liszt Ferenc Eml\u00e9km\u00fazeum \u00e9s Kutat\u00f3k\u00f6zpont Hangversenyterme - Magyarorsz\u00e1gi lemezbemutat\u00f3 hangverseny (dupla CD): Liszt Ferenc K\u00f6lt\u0151i \u00e9s vall\u00e1sos harm\u00f3ni\u00e1k S.173  (Harmonies po\u00e9tiques et religieuses)<\/td>\r\n\t<td style=\"text-align:right;\"><a href=\"http:\/\/thurzozoltan.com\/ro\/koncert\/lemezbemutato-hangverseny\/\">Mai multe<\/a><\/td>  \r\n   <\/tr><tr>\r\n\t<td class=\"koncert-datum\">2018.10.24<\/td>\r\n    <td>Nagyv\u00e1rad \/ Rom\u00e1nia<\/td>\r\n    <td>Lor\u00e1ntffy Zsuzsanna Reform\u00e1tus Egyh\u00e1zi K\u00f6zpont M\u00fazeumterme - Szacsvay 200.: Zenei utaz\u00e1s a reformkorban<\/td>\r\n\t<td style=\"text-align:right;\"><a href=\"http:\/\/thurzozoltan.com\/ro\/koncert\/szacsvay-200-zenei-utazas-reformkorban\/\">Mai multe<\/a><\/td>  \r\n   <\/tr><tr>\r\n\t<td class=\"koncert-datum\">2018.10.21<\/td>\r\n    <td>Nagyv\u00e1rad \/ Rom\u00e1nia<\/td>\r\n    <td>\u00dajv\u00e1rosi Reform\u00e1tus templom imaterme - Az \u0151sz hangjai - interakt\u00edv zongorahangverseny<\/td>\r\n\t<td style=\"text-align:right;\"><a href=\"http:\/\/thurzozoltan.com\/ro\/koncert\/ujvarosi-refotmatus-templom-imaterme\/\">Mai multe<\/a><\/td>  \r\n   <\/tr><tr>\r\n\t<td class=\"koncert-datum\">2018.10.19<\/td>\r\n    <td>Sepsiszentgy\u00f6rgy \/ Rom\u00e1nia<\/td>\r\n    <td>\u00c1rkosi Kultur\u00e1lis K\u00f6zpont - \u201e\u00d6r\u00f6ks\u00e9g\u00fcnk nyom\u00e1ban\u201d - interakt\u00edv zongorahangverseny<\/td>\r\n\t<td style=\"text-align:right;\"><a href=\"http:\/\/thurzozoltan.com\/ro\/koncert\/oeroekseguenk-nyomaban-interaktiv-zongorahangverseny-2\/\">Mai multe<\/a><\/td>  \r\n   <\/tr><tr>\r\n\t<td class=\"koncert-datum\">2018.10.14<\/td>\r\n    <td>Nagyv\u00e1rad \/ Rom\u00e1nia<\/td>\r\n    <td>Partiumi Kereszt\u00e9ny Egyetem D\u00edszterme - \u201cDivat \u00e9s M\u0171v\u00e9szet: egy rendhagy\u00f3 tal\u00e1lkoz\u00e1s 2.\u201d - rendhagy\u00f3 zongoraest \u00e9nekkel, divatbemutat\u00f3val, vet\u00edt\u00e9ssel egybek\u00f6tve - \"Classical music in fusion\"<\/td>\r\n\t<td style=\"text-align:right;\"><a href=\"http:\/\/thurzozoltan.com\/ro\/koncert\/divat-es-muveszet-2018\/\">Mai multe<\/a><\/td>  \r\n   <\/tr><span class=\"pods-pagination-advanced \">\n    \n    <span class=\"pods-pagination-number pods-pagination-current \">1<\/span>\n\n                <a href=\"\/ro\/wp-json\/wp\/v2\/pages\/12370?pg=2\" class=\"pods-pagination-number pods-pagination-2 \">2<\/a>\n                    <a href=\"\/ro\/wp-json\/wp\/v2\/pages\/12370?pg=3\" class=\"pods-pagination-number pods-pagination-last \">3<\/a>\n                    <a href=\"\/ro\/wp-json\/wp\/v2\/pages\/12370?pg=2\" class=\"pods-pagination-number pods-pagination-next \">Urm\u0103toarea &rsaquo;<\/a>\n                                <a href=\"\/ro\/wp-json\/wp\/v2\/pages\/12370?pg=3\" class=\"pods-pagination-number pods-pagination-last \">Ultima &raquo;<\/a>\n                    \n<\/span>\n\n<\/tbody>\n<\/table>\n","protected":false},"excerpt":{"rendered":"<p>D\u00e1tum V\u00e1ros\/orsz\u00e1g Helysz\u00edn &#8211; Le\u00edr\u00e1s<\/p>\n","protected":false},"author":2,"featured_media":0,"parent":0,"menu_order":0,"comment_status":"closed","ping_status":"closed","template":"","meta":{"footnotes":""},"class_list":["post-12370","page","type-page","status-publish","hentry"],"_links":{"self":[{"href":"http:\/\/thurzozoltan.com\/ro\/wp-json\/wp\/v2\/pages\/12370","targetHints":{"allow":["GET"]}}],"collection":[{"href":"http:\/\/thurzozoltan.com\/ro\/wp-json\/wp\/v2\/pages"}],"about":[{"href":"http:\/\/thurzozoltan.com\/ro\/wp-json\/wp\/v2\/types\/page"}],"author":[{"embeddable":true,"href":"http:\/\/thurzozoltan.com\/ro\/wp-json\/wp\/v2\/users\/2"}],"replies":[{"embeddable":true,"href":"http:\/\/thurzozoltan.com\/ro\/wp-json\/wp\/v2\/comments?post=12370"}],"version-history":[{"count":2,"href":"http:\/\/thurzozoltan.com\/ro\/wp-json\/wp\/v2\/pages\/12370\/revisions"}],"predecessor-version":[{"id":12381,"href":"http:\/\/thurzozoltan.com\/ro\/wp-json\/wp\/v2\/pages\/12370\/revisions\/12381"}],"wp:attachment":[{"href":"http:\/\/thurzozoltan.com\/ro\/wp-json\/wp\/v2\/media?parent=12370"}],"curies":[{"name":"wp","href":"https:\/\/api.w.org\/{rel}","templated":true}]}}

<table class="koncert-table" cellspacing="0" cellpadding="0">
<thead>
<tr>
<th class="koncert-datum">Dátum</th>
<th class="koncert-varos">Város/ország</th>
<th class="koncert-leiras">Helyszín &#8211; Leírás</th>
<th class="koncert-info"></th>
</tr>
</thead>
<tbody>
<tr>
	<td class="koncert-datum">2018.12.23</td>
    <td>Nagyvárad / Románia</td>
    <td>Lorántffy Zsuzsanna Református Egyházi Központ Múzeumterme - Karácsonyi Hangverseny közismert zongoradarabokkal, két szál gyertya fényénél</td>
	<td style="text-align:right;"><a href="http://thurzozoltan.com/ro/koncert/lorantffy-zsuzsanna-reformatus-egyhazi-koezpont-muzeumterme-15/">Mai multe</a></td>  
   </tr><tr>
	<td class="koncert-datum">2018.12.16</td>
    <td>Biharfélegyháza / Románia</td>
    <td>Református Templom - SEGíTSÜNK - Jótékonysági zongorahangverseny</td>
	<td style="text-align:right;"><a href="http://thurzozoltan.com/ro/koncert/segitsuenk-nekik-jotekonysagi-zongorahangverseny/">Mai multe</a></td>  
   </tr><tr>
	<td class="koncert-datum">2018.12.15</td>
    <td>Vedresábrány / Románia</td>
    <td>Református Templom - Ünnepi Adventi Hangverseny</td>
	<td style="text-align:right;"><a href="http://thurzozoltan.com/ro/koncert/adventi-hangverseny-vedresabranyban/">Mai multe</a></td>  
   </tr><tr>
	<td class="koncert-datum">2018.12.10</td>
    <td>Sepsiszentgyörgy / Románia</td>
    <td>Árkosi Kulturális Központ - Klasszikus karácsony - gyertyafénynél, sötétben</td>
	<td style="text-align:right;"><a href="http://thurzozoltan.com/ro/koncert/frederic-chopin-est-ket-szal-gyertya-fenyenel-interaktiv-zongorahangverseny-2/">Mai multe</a></td>  
   </tr><tr>
	<td class="koncert-datum">2018.12.09</td>
    <td>Vasvár / Magyarország</td>
    <td>Nagy Gáspár Kulturális Központ - Vas/V/árnapi Matiné keretén belűl zongora hangszerbemutató, és kis interaktív zenés pillanat</td>
	<td style="text-align:right;"><a href="http://thurzozoltan.com/ro/koncert/vasvar-2/">Mai multe</a></td>  
   </tr><tr>
	<td class="koncert-datum">2018.12.08</td>
    <td>Vasvár / Magyarország</td>
    <td>Nagy Gáspár Kulturális Központ - Gyertyafényes adventi zongorahangverseny két szál gyertya fényénél</td>
	<td style="text-align:right;"><a href="http://thurzozoltan.com/ro/koncert/vasvar-1-koncert/">Mai multe</a></td>  
   </tr><tr>
	<td class="koncert-datum">2018.11.25</td>
    <td>Nagyvárad / Románia</td>
    <td>Lorántffy Zsuzsanna Református Egyházi Központ Múzeumterme - Rendhagyó hangverseny - Thurzó Zoltán és a kecskeméti Gregus Tárogató Kvartett közös hangversenye - európai bemutatóval</td>
	<td style="text-align:right;"><a href="http://thurzozoltan.com/ro/koncert/rendhagyo-hangverseny-gregus-tarogato-egyuettessel/">Mai multe</a></td>  
   </tr><tr>
	<td class="koncert-datum">2018.11.24</td>
    <td>Budapest / Magyarország</td>
    <td>Országos Széchényi Könyvtár Díszterme - Zongorahangverseny az OSZK 216. alapítási ünnepének nyilt napjának zárásaként</td>
	<td style="text-align:right;"><a href="http://thurzozoltan.com/ro/koncert/orszagos-szechenyi-koenyvtar-diszterme/">Mai multe</a></td>  
   </tr><tr>
	<td class="koncert-datum">2018.11.17</td>
    <td>Nagyvárad / Románia</td>
    <td>Lotus Center Rendezvényterme - Bihar Megyei Vállalkozónők Egyesületének szervezésében: Magyar Vállalkozók Jótékonysági bálja</td>
	<td style="text-align:right;"><a href="http://thurzozoltan.com/ro/koncert/bihar-megyei-vallalkozonok-egyesuelete/">Mai multe</a></td>  
   </tr><tr>
	<td class="koncert-datum">2018.11.16</td>
    <td>Sepsiszentgyörgy / Románia</td>
    <td>Árkosi Kulturális Központ - „Szereti Ön Liszt Ferencet...és ami mögötte van?” - interaktív zongorahangverseny</td>
	<td style="text-align:right;"><a href="http://thurzozoltan.com/ro/koncert/szereti-oen-liszt-ferencet-es-ami-moegoette-van-interaktiv-zongorahangverseny-zeneszerzo-szueletesnapja-alkalmabol/">Mai multe</a></td>  
   </tr><tr>
	<td class="koncert-datum">2018.11.09</td>
    <td>Budapest / Magyarország</td>
    <td>Liszt Ferenc Emlékmúzeum és Kutatóközpont Hangversenyterme - Magyarországi lemezbemutató hangverseny (dupla CD): Liszt Ferenc Költői és vallásos harmóniák S.173  (Harmonies poétiques et religieuses)</td>
	<td style="text-align:right;"><a href="http://thurzozoltan.com/ro/koncert/lemezbemutato-hangverseny/">Mai multe</a></td>  
   </tr><tr>
	<td class="koncert-datum">2018.10.24</td>
    <td>Nagyvárad / Románia</td>
    <td>Lorántffy Zsuzsanna Református Egyházi Központ Múzeumterme - Szacsvay 200.: Zenei utazás a reformkorban</td>
	<td style="text-align:right;"><a href="http://thurzozoltan.com/ro/koncert/szacsvay-200-zenei-utazas-reformkorban/">Mai multe</a></td>  
   </tr><tr>
	<td class="koncert-datum">2018.10.21</td>
    <td>Nagyvárad / Románia</td>
    <td>Újvárosi Református templom imaterme - Az ősz hangjai - interaktív zongorahangverseny</td>
	<td style="text-align:right;"><a href="http://thurzozoltan.com/ro/koncert/ujvarosi-refotmatus-templom-imaterme/">Mai multe</a></td>  
   </tr><tr>
	<td class="koncert-datum">2018.10.19</td>
    <td>Sepsiszentgyörgy / Románia</td>
    <td>Árkosi Kulturális Központ - „Örökségünk nyomában” - interaktív zongorahangverseny</td>
	<td style="text-align:right;"><a href="http://thurzozoltan.com/ro/koncert/oeroekseguenk-nyomaban-interaktiv-zongorahangverseny-2/">Mai multe</a></td>  
   </tr><tr>
	<td class="koncert-datum">2018.10.14</td>
    <td>Nagyvárad / Románia</td>
    <td>Partiumi Keresztény Egyetem Díszterme - “Divat és Művészet: egy rendhagyó találkozás 2.” - rendhagyó zongoraest énekkel, divatbemutatóval, vetítéssel egybekötve - "Classical music in fusion"</td>
	<td style="text-align:right;"><a href="http://thurzozoltan.com/ro/koncert/divat-es-muveszet-2018/">Mai multe</a></td>  
   </tr><span class="pods-pagination-advanced ">
    
    <span class="pods-pagination-number pods-pagination-current ">1</span>

                <a href="/ro/wp-json/wp/v2/pages/12370?pg=2" class="pods-pagination-number pods-pagination-2 ">2</a>
                    <a href="/ro/wp-json/wp/v2/pages/12370?pg=3" class="pods-pagination-number pods-pagination-last ">3</a>
                    <a href="/ro/wp-json/wp/v2/pages/12370?pg=2" class="pods-pagination-number pods-pagination-next ">Următoarea &rsaquo;</a>
                                <a href="/ro/wp-json/wp/v2/pages/12370?pg=3" class="pods-pagination-number pods-pagination-last ">Ultima &raquo;</a>
                    
</span>

</tbody>
</table>

<p>Dátum Város/ország Helyszín &#8211; Leírás</p>
