{"id":2630,"date":"2016-07-20T11:36:38","date_gmt":"2016-07-20T11:36:38","guid":{"rendered":"http:\/\/thurzozoltan.com\/it\/?page_id=2630"},"modified":"2016-10-25T08:43:37","modified_gmt":"2016-10-25T08:43:37","slug":"i-miei-articoli-pubblicati","status":"publish","type":"page","link":"https:\/\/thurzozoltan.com\/it\/diario\/i-miei-articoli-pubblicati\/","title":{"rendered":"I miei scritti pubblicati"},"content":{"rendered":"[et_pb_section admin_label=&#8221;Section&#8221; fullwidth=&#8221;on&#8221; specialty=&#8221;off&#8221; transparent_background=&#8221;on&#8221; background_color=&#8221;#ffffff&#8221; allow_player_pause=&#8221;off&#8221; inner_shadow=&#8221;off&#8221; parallax=&#8221;off&#8221; parallax_method=&#8221;off&#8221; padding_mobile=&#8221;off&#8221; make_fullwidth=&#8221;off&#8221; use_custom_width=&#8221;off&#8221; width_unit=&#8221;on&#8221; make_equal=&#8221;off&#8221; use_custom_gutter=&#8221;off&#8221;][et_pb_fullwidth_post_title admin_label=&#8221;Fullwidth Post Title&#8221; title=&#8221;on&#8221; meta=&#8221;off&#8221; author=&#8221;on&#8221; date=&#8221;on&#8221; categories=&#8221;on&#8221; comments=&#8221;on&#8221; featured_image=&#8221;off&#8221; featured_placement=&#8221;below&#8221; parallax_effect=&#8221;on&#8221; parallax_method=&#8221;on&#8221; text_orientation=&#8221;center&#8221; text_color=&#8221;dark&#8221; text_background=&#8221;off&#8221; text_bg_color=&#8221;rgba(255,255,255,0.9)&#8221; module_bg_color=&#8221;rgba(255,255,255,0)&#8221; title_font_size=&#8221;36&#8243; title_font_size_tablet=&#8221;29&#8243; title_font_size_phone=&#8221;20&#8243; title_font_size_last_edited=&#8221;on|phone&#8221; title_text_color=&#8221;#fee29b&#8221; title_all_caps=&#8221;off&#8221; use_border_color=&#8221;off&#8221; border_color=&#8221;#ffffff&#8221; border_style=&#8221;solid&#8221;] [\/et_pb_fullwidth_post_title][\/et_pb_section][et_pb_section admin_label=&#8221;section&#8221; transparent_background=&#8221;on&#8221; background_color=&#8221;#ffffff&#8221; allow_player_pause=&#8221;off&#8221; inner_shadow=&#8221;off&#8221; parallax=&#8221;off&#8221; parallax_method=&#8221;off&#8221; padding_mobile=&#8221;off&#8221; make_fullwidth=&#8221;off&#8221; use_custom_width=&#8221;off&#8221; width_unit=&#8221;on&#8221; make_equal=&#8221;off&#8221; use_custom_gutter=&#8221;off&#8221;][et_pb_row admin_label=&#8221;row&#8221; make_fullwidth=&#8221;off&#8221; use_custom_width=&#8221;off&#8221; width_unit=&#8221;on&#8221; use_custom_gutter=&#8221;off&#8221; padding_mobile=&#8221;off&#8221; background_color=&#8221;rgba(0,0,0,0)&#8221; allow_player_pause=&#8221;off&#8221; parallax=&#8221;off&#8221; parallax_method=&#8221;off&#8221; make_equal=&#8221;off&#8221; parallax_1=&#8221;off&#8221; parallax_method_1=&#8221;off&#8221; column_padding_mobile=&#8221;on&#8221;][et_pb_column type=&#8221;4_4&#8243;][et_pb_text admin_label=&#8221;Text&#8221; background_layout=&#8221;light&#8221; text_orientation=&#8221;left&#8221; use_border_color=&#8221;off&#8221; border_color=&#8221;#ffffff&#8221; border_style=&#8221;solid&#8221;]\n<p style=\"text-align: justify;\">Nei nostri pensieri si combina la profondit\u00e0 con la lontananza. In ogni anima affollano pensieri che saranno condivisi con gli altri, il che \u00e8 la rappresentazione del mondo interiore nel modo pi\u00f9 personale, pi\u00f9 intimo.<\/p>\n<p style=\"text-align: justify;\"><img loading=\"lazy\" decoding=\"async\" class=\"alignright wp-image-6210\" src=\"http:\/\/thurzozoltan.com\/wp-content\/uploads\/2016\/04\/Thurz\u00f3-Zolt\u00e1n.jpg\" alt=\"Thurz\u00f3 Zolt\u00e1n, Megjelent \u00edr\u00e1saim\" width=\"243\" height=\"432\" srcset=\"https:\/\/thurzozoltan.com\/wp-content\/uploads\/2016\/04\/Thurz\u00f3-Zolt\u00e1n.jpg 540w, https:\/\/thurzozoltan.com\/wp-content\/uploads\/2016\/04\/Thurz\u00f3-Zolt\u00e1n-169x300.jpg 169w\" sizes=\"auto, (max-width: 243px) 100vw, 243px\" \/>Ogni \u201cgiorno grigio\u201d pu\u00f2 diventare pi\u00f9 colorato se si condividono conoscenze, eventi vissuti.\u00a0Vorrei mostrarvi come vedo il mondo e le persone.\u00a0Il visitatore della pagina pu\u00f2 leggere su valori delle epoche passate, su attrazioni storiche, riflessioni dell\u2019immagine contemporanea.\u00a0Trova sia notizie sul passato che li attirano l&#8217;attenzione che su eventi contemporanei.\u00a0Per l\u2019autentica riproduzione dei campi artistici e per l&#8217;arte della musica \u00e8 necessaria umiliazione e orientamento multilaterale.<\/p>\n<p style=\"text-align: justify;\">Sento necessaria una dedizione e un impegno per trasmettere in modi diversi, avvenimenti che ritengo importanti e interessanti.\u00a0Il mio desiderio di conoscere suscitato dai miei professori e dai miei antenati, mi spingono verso una continua ricerca.\u00a0\u00c8 un onore per me, che i risultati delle esse li possono condividere di tanto in tanto con la stampa.<\/p>\n<p style=\"text-align: justify;\">Ogni momento musicale \u00e8 un &#8220;messaggio chiuso per sempre in una capsula.\u00a0Ma per capire il messaggio \u00e8 molto importante l\u2019elemento di collegamento tra compositore e pubblico.\u00a0Nel complesso, \u00e8 la responsabilit\u00e0 dell&#8217;artista cos\u00ec come la mia, di riprodure l\u2019interpretazione allo spettacolo, non solo con il pianoforte ma anche con informazioni concrete.\u00a0L&#8217;obiettivo delle pubblicazioni \u00e8 la correzione, il chiarimento di possibili errori nella storia della musica.<\/p>\n<p style=\"text-align: justify;\">Come artista di pianoforte \u00e8 importante per me il perfezionismo, cosi come la cura della cultura musicale e della cultura.\u00a0Come abitante, il mio compito \u00e8 quelo di scoprire la speciale storia musicale di Oradea, e\u00a0 di mantenere le tradizioni di famiglia.\u00a0Dell&#8217;eredit\u00e0 di mio venerato nonno, Thurz\u00f3 S\u00e1ndor, ho cura in modo particolare, e cerco con i miei scritti lasciare le cose per il futuro.\u00a0Credo che sia la cultura ungherese che i momenti storici possono modellare la vita delle persone di oggi.\u00a0Il mio obiettivo principale \u00e8 quello di essere in grado di dire tutto ci\u00f2 che pu\u00f2 arricchire in modo speciale gli abitanti della citt\u00e0, ma anche quelli aperti alla cultura qui e oltre i confini.<\/p>\n<p style=\"text-align: justify;\">L\u2019editoria digitale non sostituisce le conversazioni personali, ma nei giorni d&#8217;oggi nel mondo dei computer, si possono trovare le \u201cscappatoie\u201d attraverso le quali l&#8217;uomo pu\u00f2 trasmettere, rappresentare valori. \u00a0Vorrei che i miei scritti diano origine ad altri pensieri che potrebbero costituire cos\u00ec un ponte tra le persone e gli eventi del passato e tra le persone e gli eventi di oggi.<\/p>\n<p style=\"text-align: justify;\">\u00a0<\/p>\n[\/et_pb_text][et_pb_text admin_label=&#8221;Text&#8221; background_layout=&#8221;light&#8221; text_orientation=&#8221;left&#8221; use_border_color=&#8221;off&#8221; border_color=&#8221;#ffffff&#8221; border_style=&#8221;solid&#8221;]\n<h3>Sul Festival \u201cMichael Haydn-Wenzel Pichl- Karl Ditters von Dittersdorf\u201d<\/h3>\n<table border=\"1\" width=\"100%\">\n<tbody>\n<tr style=\"height: 23px;\">\n<th style=\"height: 23px;\" scope=\"col\">Titolo<\/th>\n<th style=\"height: 23px;\" scope=\"col\">Data di pubblicazione<\/th>\n<th style=\"height: 23px;\" scope=\"col\">Nome del corpo di stampa<\/th>\n<th style=\"height: 23px;\" scope=\"col\"><span id=\"result_box\" class=\"short_text\" lang=\"it\"><span class=\"\">Lingua<\/span><\/span><\/th>\n<\/tr>\n<tr style=\"height: 23px;\">\n<td style=\"height: 23px;\"><a href=\"http:\/\/thurzozoltan.com\/it\/orizni-kell-a-kulturalis-szellemi-orokseget\/\">L\u2019eredit\u00e0 culturale deve essere preservata<\/a><\/td>\n<td style=\"height: 23px;\">08.10.2010<\/td>\n<td style=\"height: 23px;\">Bihari Napl\u00f3<\/td>\n<td style=\"height: 23px;\">ungherese<\/td>\n<\/tr>\n<tr style=\"height: 23.2px;\">\n<td style=\"height: 23.2px;\"><a href=\"http:\/\/thurzozoltan.com\/it\/nemzetkozi-rangra-emelni-nagyvarad-zenei-eletet\/\">Sollevare la vita musicale di Oradea a livello internazionale<\/a><\/td>\n<td style=\"height: 23.2px;\">12.10.2010<\/td>\n<td style=\"height: 23.2px;\">Bihari Napl\u00f3<\/td>\n<td style=\"height: 23.2px;\">ungherese<\/td>\n<\/tr>\n<tr style=\"height: 23px;\">\n<td style=\"height: 23px;\"><a href=\"http:\/\/thurzozoltan.com\/it\/michael-haydn-patachich-adam-puspok-komponistaja\/\" class=\"broken_link\">Michael Haydn \u2013 il compositore del vescovo Patachich \u00c1d\u00e1m<\/a><\/td>\n<td style=\"height: 23px;\">13.10.2010<\/td>\n<td style=\"height: 23px;\">Bihari Napl\u00f3<\/td>\n<td style=\"height: 23px;\">ungherese<\/td>\n<\/tr>\n<tr style=\"height: 23px;\">\n<td style=\"height: 23px;\"><a href=\"http:\/\/thurzozoltan.com\/it\/dittersdorf-fontos-szerepe-a-varadi-klasszikus-zene-fejlodeseben\/\">Importante ruolo di Dittersdorf nello sviluppo della musica classica a Oradea<\/a><\/td>\n<td style=\"height: 23px;\">14.10.2010<\/td>\n<td style=\"height: 23px;\">Bihari Napl\u00f3<\/td>\n<td style=\"height: 23px;\">ungherese<\/td>\n<\/tr>\n<tr style=\"height: 23px;\">\n<td style=\"height: 23px;\"><a href=\"http:\/\/thurzozoltan.com\/it\/karl-ditters-von-dittersdorf-nagyvaradi-munkassagarol\/\">Sull\u2019attivit\u00e0 in Oradea di Karl Ditters von Dittersdorf<\/a><\/td>\n<td style=\"height: 23px;\">15.10.2010<\/td>\n<td style=\"height: 23px;\">Bihari Napl\u00f3<\/td>\n<td style=\"height: 23px;\">ungherese<\/td>\n<\/tr>\n<tr style=\"height: 23px;\">\n<td style=\"height: 23px;\"><a href=\"http:\/\/thurzozoltan.com\/it\/wenzel-pichl-zeneszerzo-nagyvaradi-tartozkodasarol\/\">Il tempo trascorso dal compositore Wenzel Pichl a Oradea<\/a><\/td>\n<td style=\"height: 23px;\">16.10.2010<\/td>\n<td style=\"height: 23px;\">Bihari Napl\u00f3<\/td>\n<td style=\"height: 23px;\">ungherese<\/td>\n<\/tr>\n<\/tbody>\n<\/table>\n<p>&nbsp;<\/p>\n<table border=\"1\" width=\"100%\">\n<tbody>\n<tr>\n<th scope=\"col\">Titolo<\/th>\n<th scope=\"col\">Data di pubblicazione<\/th>\n<th scope=\"col\">Nome del corpo di stampa<\/th>\n<th scope=\"col\">Lingua<\/th>\n<\/tr>\n<tr>\n<td><a href=\"http:\/\/thurzozoltan.com\/it\/megint-szegenyebbek-lettunk-elhunyt-varga-vilmos-szinmuvesz\/\"> Di nuovo siamo diventati pi\u00f9 poveri, l\u2019attore Vilmos Varga \u00e8 morto<\/a><\/td>\n<td>12.07.2016<\/td>\n<td>Bihari Napl\u00f3<\/td>\n<td>ungherese<\/td>\n<\/tr>\n<\/tbody>\n<\/table>\n<p>&nbsp;<\/p>\n[\/et_pb_text][\/et_pb_column][\/et_pb_row][et_pb_row admin_label=&#8221;Row&#8221;][et_pb_column type=&#8221;4_4&#8243;][et_pb_divider admin_label=&#8221;Divider&#8221; color=&#8221;#ffffff&#8221; show_divider=&#8221;off&#8221; height=&#8221;100&#8243; divider_style=&#8221;solid&#8221; divider_position=&#8221;top&#8221; hide_on_mobile=&#8221;on&#8221;] [\/et_pb_divider][\/et_pb_column][\/et_pb_row][\/et_pb_section]\n","protected":false},"excerpt":{"rendered":"<p>[et_pb_section admin_label=&#8221;Section&#8221; fullwidth=&#8221;on&#8221; specialty=&#8221;off&#8221; transparent_background=&#8221;on&#8221; background_color=&#8221;#ffffff&#8221; allow_player_pause=&#8221;off&#8221; inner_shadow=&#8221;off&#8221; parallax=&#8221;off&#8221; parallax_method=&#8221;off&#8221; padding_mobile=&#8221;off&#8221; make_fullwidth=&#8221;off&#8221; use_custom_width=&#8221;off&#8221; width_unit=&#8221;on&#8221; make_equal=&#8221;off&#8221; use_custom_gutter=&#8221;off&#8221;][et_pb_fullwidth_post_title admin_label=&#8221;Fullwidth Post Title&#8221; title=&#8221;on&#8221; meta=&#8221;off&#8221; author=&#8221;on&#8221; date=&#8221;on&#8221; categories=&#8221;on&#8221; comments=&#8221;on&#8221; featured_image=&#8221;off&#8221; featured_placement=&#8221;below&#8221; parallax_effect=&#8221;on&#8221; parallax_method=&#8221;on&#8221; text_orientation=&#8221;center&#8221; text_color=&#8221;dark&#8221; text_background=&#8221;off&#8221; text_bg_color=&#8221;rgba(255,255,255,0.9)&#8221; module_bg_color=&#8221;rgba(255,255,255,0)&#8221; title_font_size=&#8221;36&#8243; title_font_size_tablet=&#8221;29&#8243; title_font_size_phone=&#8221;20&#8243; title_font_size_last_edited=&#8221;on|phone&#8221; title_text_color=&#8221;#fee29b&#8221; title_all_caps=&#8221;off&#8221; use_border_color=&#8221;off&#8221; border_color=&#8221;#ffffff&#8221; border_style=&#8221;solid&#8221;] [\/et_pb_fullwidth_post_title][\/et_pb_section][et_pb_section admin_label=&#8221;section&#8221; transparent_background=&#8221;on&#8221; background_color=&#8221;#ffffff&#8221; allow_player_pause=&#8221;off&#8221; inner_shadow=&#8221;off&#8221; parallax=&#8221;off&#8221; parallax_method=&#8221;off&#8221; padding_mobile=&#8221;off&#8221; make_fullwidth=&#8221;off&#8221; use_custom_width=&#8221;off&#8221; width_unit=&#8221;on&#8221; [&hellip;]<\/p>\n","protected":false},"author":1,"featured_media":0,"parent":2929,"menu_order":0,"comment_status":"closed","ping_status":"closed","template":"","meta":{"footnotes":""},"class_list":["post-2630","page","type-page","status-publish","hentry"],"_links":{"self":[{"href":"https:\/\/thurzozoltan.com\/it\/wp-json\/wp\/v2\/pages\/2630","targetHints":{"allow":["GET"]}}],"collection":[{"href":"https:\/\/thurzozoltan.com\/it\/wp-json\/wp\/v2\/pages"}],"about":[{"href":"https:\/\/thurzozoltan.com\/it\/wp-json\/wp\/v2\/types\/page"}],"author":[{"embeddable":true,"href":"https:\/\/thurzozoltan.com\/it\/wp-json\/wp\/v2\/users\/1"}],"replies":[{"embeddable":true,"href":"https:\/\/thurzozoltan.com\/it\/wp-json\/wp\/v2\/comments?post=2630"}],"version-history":[{"count":10,"href":"https:\/\/thurzozoltan.com\/it\/wp-json\/wp\/v2\/pages\/2630\/revisions"}],"predecessor-version":[{"id":9412,"href":"https:\/\/thurzozoltan.com\/it\/wp-json\/wp\/v2\/pages\/2630\/revisions\/9412"}],"up":[{"embeddable":true,"href":"https:\/\/thurzozoltan.com\/it\/wp-json\/wp\/v2\/pages\/2929"}],"wp:attachment":[{"href":"https:\/\/thurzozoltan.com\/it\/wp-json\/wp\/v2\/media?parent=2630"}],"curies":[{"name":"wp","href":"https:\/\/api.w.org\/{rel}","templated":true}]}}

[et_pb_section admin_label=&#8221;Section&#8221; fullwidth=&#8221;on&#8221; specialty=&#8221;off&#8221; transparent_background=&#8221;on&#8221; background_color=&#8221;#ffffff&#8221; allow_player_pause=&#8221;off&#8221; inner_shadow=&#8221;off&#8221; parallax=&#8221;off&#8221; parallax_method=&#8221;off&#8221; padding_mobile=&#8221;off&#8221; make_fullwidth=&#8221;off&#8221; use_custom_width=&#8221;off&#8221; width_unit=&#8221;on&#8221; make_equal=&#8221;off&#8221; use_custom_gutter=&#8221;off&#8221;][et_pb_fullwidth_post_title admin_label=&#8221;Fullwidth Post Title&#8221; title=&#8221;on&#8221; meta=&#8221;off&#8221; author=&#8221;on&#8221; date=&#8221;on&#8221; categories=&#8221;on&#8221; comments=&#8221;on&#8221; featured_image=&#8221;off&#8221; featured_placement=&#8221;below&#8221; parallax_effect=&#8221;on&#8221; parallax_method=&#8221;on&#8221; text_orientation=&#8221;center&#8221; text_color=&#8221;dark&#8221; text_background=&#8221;off&#8221; text_bg_color=&#8221;rgba(255,255,255,0.9)&#8221; module_bg_color=&#8221;rgba(255,255,255,0)&#8221; title_font_size=&#8221;36&#8243; title_font_size_tablet=&#8221;29&#8243; title_font_size_phone=&#8221;20&#8243; title_font_size_last_edited=&#8221;on|phone&#8221; title_text_color=&#8221;#fee29b&#8221; title_all_caps=&#8221;off&#8221; use_border_color=&#8221;off&#8221; border_color=&#8221;#ffffff&#8221; border_style=&#8221;solid&#8221;] [/et_pb_fullwidth_post_title][/et_pb_section][et_pb_section admin_label=&#8221;section&#8221; transparent_background=&#8221;on&#8221; background_color=&#8221;#ffffff&#8221; allow_player_pause=&#8221;off&#8221; inner_shadow=&#8221;off&#8221; parallax=&#8221;off&#8221; parallax_method=&#8221;off&#8221; padding_mobile=&#8221;off&#8221; make_fullwidth=&#8221;off&#8221; use_custom_width=&#8221;off&#8221; width_unit=&#8221;on&#8221; make_equal=&#8221;off&#8221; use_custom_gutter=&#8221;off&#8221;][et_pb_row admin_label=&#8221;row&#8221; make_fullwidth=&#8221;off&#8221; use_custom_width=&#8221;off&#8221; width_unit=&#8221;on&#8221; use_custom_gutter=&#8221;off&#8221; padding_mobile=&#8221;off&#8221; background_color=&#8221;rgba(0,0,0,0)&#8221; allow_player_pause=&#8221;off&#8221; parallax=&#8221;off&#8221; parallax_method=&#8221;off&#8221; make_equal=&#8221;off&#8221; parallax_1=&#8221;off&#8221; parallax_method_1=&#8221;off&#8221; column_padding_mobile=&#8221;on&#8221;][et_pb_column type=&#8221;4_4&#8243;][et_pb_text admin_label=&#8221;Text&#8221; background_layout=&#8221;light&#8221; text_orientation=&#8221;left&#8221; use_border_color=&#8221;off&#8221; border_color=&#8221;#ffffff&#8221; border_style=&#8221;solid&#8221;]
<p style="text-align: justify;">Nei nostri pensieri si combina la profondità con la lontananza. In ogni anima affollano pensieri che saranno condivisi con gli altri, il che è la rappresentazione del mondo interiore nel modo più personale, più intimo.</p>
<p style="text-align: justify;"><img loading="lazy" decoding="async" class="alignright wp-image-6210" src="http://thurzozoltan.com/wp-content/uploads/2016/04/Thurzó-Zoltán.jpg" alt="Thurzó Zoltán, Megjelent írásaim" width="243" height="432" srcset="https://thurzozoltan.com/wp-content/uploads/2016/04/Thurzó-Zoltán.jpg 540w, https://thurzozoltan.com/wp-content/uploads/2016/04/Thurzó-Zoltán-169x300.jpg 169w" sizes="auto, (max-width: 243px) 100vw, 243px" />Ogni “giorno grigio” può diventare più colorato se si condividono conoscenze, eventi vissuti. Vorrei mostrarvi come vedo il mondo e le persone. Il visitatore della pagina può leggere su valori delle epoche passate, su attrazioni storiche, riflessioni dell’immagine contemporanea. Trova sia notizie sul passato che li attirano l&#8217;attenzione che su eventi contemporanei. Per l’autentica riproduzione dei campi artistici e per l&#8217;arte della musica è necessaria umiliazione e orientamento multilaterale.</p>
<p style="text-align: justify;">Sento necessaria una dedizione e un impegno per trasmettere in modi diversi, avvenimenti che ritengo importanti e interessanti. Il mio desiderio di conoscere suscitato dai miei professori e dai miei antenati, mi spingono verso una continua ricerca. È un onore per me, che i risultati delle esse li possono condividere di tanto in tanto con la stampa.</p>
<p style="text-align: justify;">Ogni momento musicale è un &#8220;messaggio chiuso per sempre in una capsula. Ma per capire il messaggio è molto importante l’elemento di collegamento tra compositore e pubblico. Nel complesso, è la responsabilità dell&#8217;artista così come la mia, di riprodure l’interpretazione allo spettacolo, non solo con il pianoforte ma anche con informazioni concrete. L&#8217;obiettivo delle pubblicazioni è la correzione, il chiarimento di possibili errori nella storia della musica.</p>
<p style="text-align: justify;">Come artista di pianoforte è importante per me il perfezionismo, cosi come la cura della cultura musicale e della cultura. Come abitante, il mio compito è quelo di scoprire la speciale storia musicale di Oradea, e  di mantenere le tradizioni di famiglia. Dell&#8217;eredità di mio venerato nonno, Thurzó Sándor, ho cura in modo particolare, e cerco con i miei scritti lasciare le cose per il futuro. Credo che sia la cultura ungherese che i momenti storici possono modellare la vita delle persone di oggi. Il mio obiettivo principale è quello di essere in grado di dire tutto ciò che può arricchire in modo speciale gli abitanti della città, ma anche quelli aperti alla cultura qui e oltre i confini.</p>
<p style="text-align: justify;">L’editoria digitale non sostituisce le conversazioni personali, ma nei giorni d&#8217;oggi nel mondo dei computer, si possono trovare le “scappatoie” attraverso le quali l&#8217;uomo può trasmettere, rappresentare valori.  Vorrei che i miei scritti diano origine ad altri pensieri che potrebbero costituire così un ponte tra le persone e gli eventi del passato e tra le persone e gli eventi di oggi.</p>
<p style="text-align: justify;"> </p>
[/et_pb_text][et_pb_text admin_label=&#8221;Text&#8221; background_layout=&#8221;light&#8221; text_orientation=&#8221;left&#8221; use_border_color=&#8221;off&#8221; border_color=&#8221;#ffffff&#8221; border_style=&#8221;solid&#8221;]
<h3>Sul Festival “Michael Haydn-Wenzel Pichl- Karl Ditters von Dittersdorf”</h3>
<table border="1" width="100%">
<tbody>
<tr style="height: 23px;">
<th style="height: 23px;" scope="col">Titolo</th>
<th style="height: 23px;" scope="col">Data di pubblicazione</th>
<th style="height: 23px;" scope="col">Nome del corpo di stampa</th>
<th style="height: 23px;" scope="col"><span id="result_box" class="short_text" lang="it"><span class="">Lingua</span></span></th>
</tr>
<tr style="height: 23px;">
<td style="height: 23px;"><a href="http://thurzozoltan.com/it/orizni-kell-a-kulturalis-szellemi-orokseget/">L’eredità culturale deve essere preservata</a></td>
<td style="height: 23px;">08.10.2010</td>
<td style="height: 23px;">Bihari Napló</td>
<td style="height: 23px;">ungherese</td>
</tr>
<tr style="height: 23.2px;">
<td style="height: 23.2px;"><a href="http://thurzozoltan.com/it/nemzetkozi-rangra-emelni-nagyvarad-zenei-eletet/">Sollevare la vita musicale di Oradea a livello internazionale</a></td>
<td style="height: 23.2px;">12.10.2010</td>
<td style="height: 23.2px;">Bihari Napló</td>
<td style="height: 23.2px;">ungherese</td>
</tr>
<tr style="height: 23px;">
<td style="height: 23px;"><a href="http://thurzozoltan.com/it/michael-haydn-patachich-adam-puspok-komponistaja/" class="broken_link">Michael Haydn – il compositore del vescovo Patachich Ádám</a></td>
<td style="height: 23px;">13.10.2010</td>
<td style="height: 23px;">Bihari Napló</td>
<td style="height: 23px;">ungherese</td>
</tr>
<tr style="height: 23px;">
<td style="height: 23px;"><a href="http://thurzozoltan.com/it/dittersdorf-fontos-szerepe-a-varadi-klasszikus-zene-fejlodeseben/">Importante ruolo di Dittersdorf nello sviluppo della musica classica a Oradea</a></td>
<td style="height: 23px;">14.10.2010</td>
<td style="height: 23px;">Bihari Napló</td>
<td style="height: 23px;">ungherese</td>
</tr>
<tr style="height: 23px;">
<td style="height: 23px;"><a href="http://thurzozoltan.com/it/karl-ditters-von-dittersdorf-nagyvaradi-munkassagarol/">Sull’attività in Oradea di Karl Ditters von Dittersdorf</a></td>
<td style="height: 23px;">15.10.2010</td>
<td style="height: 23px;">Bihari Napló</td>
<td style="height: 23px;">ungherese</td>
</tr>
<tr style="height: 23px;">
<td style="height: 23px;"><a href="http://thurzozoltan.com/it/wenzel-pichl-zeneszerzo-nagyvaradi-tartozkodasarol/">Il tempo trascorso dal compositore Wenzel Pichl a Oradea</a></td>
<td style="height: 23px;">16.10.2010</td>
<td style="height: 23px;">Bihari Napló</td>
<td style="height: 23px;">ungherese</td>
</tr>
</tbody>
</table>
<p>&nbsp;</p>
<table border="1" width="100%">
<tbody>
<tr>
<th scope="col">Titolo</th>
<th scope="col">Data di pubblicazione</th>
<th scope="col">Nome del corpo di stampa</th>
<th scope="col">Lingua</th>
</tr>
<tr>
<td><a href="http://thurzozoltan.com/it/megint-szegenyebbek-lettunk-elhunyt-varga-vilmos-szinmuvesz/"> Di nuovo siamo diventati più poveri, l’attore Vilmos Varga è morto</a></td>
<td>12.07.2016</td>
<td>Bihari Napló</td>
<td>ungherese</td>
</tr>
</tbody>
</table>
<p>&nbsp;</p>
[/et_pb_text][/et_pb_column][/et_pb_row][et_pb_row admin_label=&#8221;Row&#8221;][et_pb_column type=&#8221;4_4&#8243;][et_pb_divider admin_label=&#8221;Divider&#8221; color=&#8221;#ffffff&#8221; show_divider=&#8221;off&#8221; height=&#8221;100&#8243; divider_style=&#8221;solid&#8221; divider_position=&#8221;top&#8221; hide_on_mobile=&#8221;on&#8221;] [/et_pb_divider][/et_pb_column][/et_pb_row][/et_pb_section]
